der when 647 is divided by 44.
31
What is the remainder when 31 is divided by 25?
6
Calculate the remainder when 17 is divided by 12.
5
Calculate the remainder when 136 is divided by 26.
6
Calculate the remainder when 313 is divided by 27.
16
Calculate the remainder when 102 is divided by 22.
14
Calculate the remainder when 479 is divided by 40.
39
Calculate the remainder when 306 is divided by 98.
12
Calculate the remainder when 648 is divided by 32.
8
Calculate the remainder when 250 is divided by 84.
82
Calculate the remainder when 781 is divided by 9.
7
Calculate the remainder when 597 is divided by 50.
47
Calculate the remainder when 575 is divided by 118.
103
What is the remainder when 222 is divided by 40?
22
What is the remainder when 734 is divided by 35?
34
Calculate the remainder when 572 is divided by 14.
12
What is the remainder when 25 is divided by 14?
11
What is the remainder when 1353 is divided by 17?
10
Calculate the remainder when 176 is divided by 26.
20
What is the remainder when 9989 is divided by 185?
184
Calculate the remainder when 162 is divided by 35.
22
Calculate the remainder when 618 is divided by 124.
122
Calculate the remainder when 622 is divided by 65.
37
What is the remainder when 677 is divided by 19?
12
Calculate the remainder when 346 is divided by 51.
40
Calculate the remainder when 1173 is divided by 147.
144
Calculate the remainder when 41 is divided by 6.
5
Calculate the remainder when 2735 is divided by 16.
15
What is the remainder when 116 is divided by 15?
11
What is the remainder when 35 is divided by 13?
9
Calculate the remainder when 3000 is divided by 77.
74
Calculate the remainder when 263 is divided by 33.
32
Calculate the remainder when 5399 is divided by 54.
53
What is the remainder when 112 is divided by 24?
16
What is the remainder when 1317 is divided by 120?
117
Calculate the remainder when 217 is divided by 28.
21
What is the remainder when 4667 is divided by 4666?
1
What is the remainder when 578 is divided by 83?
80
Calculate the remainder when 1651 is divided by 7.
6
Calculate the remainder when 135 is divided by 62.
11
Calculate the remainder when 215 is divided by 75.
65
Calculate the remainder when 245 is divided by 63.
56
What is the remainder when 435 is divided by 56?
43
Calculate the remainder when 26 is divided by 19.
7
Calculate the remainder when 778 is divided by 26.
24
What is the remainder when 438 is divided by 109?
2
Calculate the remainder when 137 is divided by 18.
11
Calculate the remainder when 71 is divided by 9.
8
What is the remainder when 1143 is divided by 88?
87
Calculate the remainder when 1543 is divided by 8.
7
What is the remainder when 436 is divided by 84?
16
What is the remainder when 855 is divided by 172?
167
Calculate the remainder when 435 is divided by 14.
1
What is the remainder when 259 is divided by 14?
7
Calculate the remainder when 159 is divided by 20.
19
Calculate the remainder when 413 is divided by 21.
14
Calculate the remainder when 98 is divided by 34.
30
Calculate the remainder when 1321 is divided by 222.
211
Calculate the remainder when 122 is divided by 31.
29
What is the remainder when 1369 is divided by 49?
46
What is the remainder when 573 is divided by 81?
6
Calculate the remainder when 472 is divided by 105.
52
Calculate the remainder when 33 is divided by 12.
9
Calculate the remainder when 1237 is divided by 31.
28
Calculate the remainder when 90 is divided by 23.
21
What is the remainder when 184 is divided by 38?
32
Calculate the remainder when 303 is divided by 45.
33
What is the remainder when 130 is divided by 58?
14
Calculate the remainder when 4155 is divided by 99.
96
What is the remainder when 32 is divided by 23?
9
What is the remainder when 159 is divided by 20?
19
What is the remainder when 3732 is divided by 83?
80
What is the remainder when 230 is divided by 111?
8
What is the remainder when 1688 is divided by 14?
8
What is the remainder when 808 is divided by 54?
52
Calculate the remainder when 25 is divided by 9.
7
What is the remainder when 2664 is divided by 21?
18
Calculate the remainder when 54 is divided by 29.
25
Calculate the remainder when 107 is divided by 35.
2
Calculate the remainder when 1485 is divided by 65.
55
What is the remainder when 2341 is divided by 102?
97
Calculate the remainder when 883 is divided by 13.
12
What is the remainder when 162 is divided by 49?
15
What is the remainder when 193 is divided by 43?
21
What is the remainder when 134 is divided by 43?
5
Calculate the remainder when 6852 is divided by 11.
10
Calculate the remainder when 54 is divided by 30.
24
Calculate the remainder when 23874 is divided by 15.
9
Calculate the remainder when 776 is divided by 28.
20
Calculate the remainder when 146 is divided by 30.
26
What is the remainder when 439 is divided by 77?
54
What is the remainder when 192 is divided by 39?
36
Calculate the remainder when 387 is divided by 52.
23
Calculate the remainder when 400 is divided by 179.
42
What is the remainder when 751 is divided by 28?
23
What is the remainder when 51 is divided by 27?
24
Calculate the remainder when 44 is divided by 20.
4
What is the remainder when 3483 is divided by 166?
163
What is the remainder when 89 is divided by 46?
43
Calculate the remainder when 530 is divided by 3.
2
What is the remainder when 5828 is divided by 108?
104
Calculate the remainder when 64 is divided by 23.
18
What is the remainder when 323 is divided by 9?
8
What is the remainder when 501 is divided by 36?
33
What is the remainder when 1454 is divided by 8?
6
Calculate the remainder when 625 is divided by 160.
145
What is the remainder when 274 is divided by 28?
22
What is the remainder when 647 is divided by 209?
20
Calculate the remainder when 357 is divided by 36.
33
What is the remainder when 6628 is divided by 22?
6
What is the remainder when 172 is divided by 55?
7
Calculate the remainder when 154 is divided by 49.
7
What is the remainder when 863 is divided by 34?
13
What is the remainder when 3324 is divided by 186?
162
What is the remainder when 92 is divided by 36?
20
Calculate the remainder when 1301 is divided by 120.
101
Calculate the remainder when 209 is divided by 44.
33
What is the remainder when 286 is divided by 21?
13
What is the remainder when 96 is divided by 82?
14
Calculate the remainder when 320 is divided by 120.
80
Calculate the remainder when 440 is divided by 94.
64
Calculate the remainder when 2757 is divided by 251.
247
Calculate the remainder when 205 is divided by 31.
19
Calculate the remainder when 378 is divided by 24.
18
What is the remainder when 99 is divided by 32?
3
Calculate the remainder when 1652 is divided by 503.
143
Calculate the remainder when 7473 is divided by 74.
73
What is the remainder when 319 is divided by 17?
13
What is the remainder when 179 is divided by 83?
13
What is the remainder when 31046 is divided by 270?
266
Calculate the remainder when 555 is divided by 185.
0
What is the remainder when 49 is divided by 22?
5
Calculate the remainder when 15 is divided by 15.
0
What is the remainder when 329 is divided by 32?
9
What is the remainder when 777 is divided by 30?
27
Calculate the remainder when 657 is divided by 227.
203
Calculate the remainder when 1087 is divided by 34.
33
What is the remainder when 374 is divided by 95?
89
Calculate the remainder when 4637 is divided by 20.
17
What is the remainder when 186 is divided by 100?
86
Calculate the remainder when 5714 is divided by 19.
14
Calculate the remainder when 4391 is divided by 37.
25
What is the remainder when 9342 is divided by 292?
290
What is the remainder when 426 is divided by 26?
10
What is the remainder when 7698 is divided by 30?
18
Calculate the remainder when 130 is divided by 65.
0
Calculate the remainder when 781 is divided by 73.
51
What is the remainder when 162 is divided by 82?
80
What is the remainder when 1100 is divided by 273?
8
Calculate the remainder when 7125 is divided by 132.
129
What is the remainder when 175 is divided by 36?
31
What is the remainder when 329 is divided by 10?
9
Calculate the remainder when 153 is divided by 13.
10
What is the remainder when 807 is divided by 62?
1
Calculate the remain